{"id":131,"date":"2016-07-24T22:54:25","date_gmt":"2016-07-24T21:54:25","guid":{"rendered":"http:\/\/babyloniere.fr\/?page_id=131"},"modified":"2019-03-19T10:21:22","modified_gmt":"2019-03-19T09:21:22","slug":"nuit","status":"publish","type":"page","link":"http:\/\/babyloniere.fr\/index.php\/nuit\/","title":{"rendered":"gu\u00e9risons"},"content":{"rendered":"<h4 style=\"text-align: center;\">la scarification au moyen d&rsquo;une lame de rasoir est une m\u00e9thode de gu\u00e9rison tr\u00e8s utilis\u00e9e par les Bagy\u00e9li<\/h4>\n<h4><\/h4>\n<figure id=\"attachment_315\" aria-describedby=\"caption-attachment-315\" style=\"width: 467px\" class=\"wp-caption aligncenter\"><img decoding=\"async\" loading=\"lazy\" class=\"wp-image-315 size-full\" src=\"http:\/\/babyloniere.fr\/wp-content\/uploads\/2018\/01\/Scarif-Theres-prepa-700.jpg\" alt=\"\" width=\"467\" height=\"700\" srcset=\"http:\/\/babyloniere.fr\/wp-content\/uploads\/2018\/01\/Scarif-Theres-prepa-700.jpg 467w, http:\/\/babyloniere.fr\/wp-content\/uploads\/2018\/01\/Scarif-Theres-prepa-700-200x300.jpg 200w\" sizes=\"(max-width: 467px) 100vw, 467px\" \/><figcaption id=\"caption-attachment-315\" class=\"wp-caption-text\">la patiente pr\u00e9pare un plat de nourriture selon un rite dict\u00e9 par le gu\u00e9risseur (debout avec une blouse de chirurgien), des plantes m\u00e9dicinales y sont incorpor\u00e9es<\/figcaption><\/figure>\n<figure id=\"attachment_319\" aria-describedby=\"caption-attachment-319\" style=\"width: 521px\" class=\"wp-caption aligncenter\"><img decoding=\"async\" loading=\"lazy\" class=\"wp-image-319 size-full\" src=\"http:\/\/babyloniere.fr\/wp-content\/uploads\/2018\/01\/Scarificat-Therese-A6-700.jpg\" alt=\"\" width=\"521\" height=\"700\" srcset=\"http:\/\/babyloniere.fr\/wp-content\/uploads\/2018\/01\/Scarificat-Therese-A6-700.jpg 521w, http:\/\/babyloniere.fr\/wp-content\/uploads\/2018\/01\/Scarificat-Therese-A6-700-223x300.jpg 223w\" sizes=\"(max-width: 521px) 100vw, 521px\" \/><figcaption id=\"caption-attachment-319\" class=\"wp-caption-text\">les enfants de la patiente participent \u00e0 la gu\u00e9rison de leur m\u00e8re : le premier contact avec le rem\u00e8de se fait par la vapeur du plat<\/figcaption><\/figure>\n<p><img decoding=\"async\" loading=\"lazy\" class=\"size-full wp-image-317 aligncenter\" src=\"http:\/\/babyloniere.fr\/wp-content\/uploads\/2018\/01\/Scarif-Therese-D-700.jpg\" alt=\"\" width=\"467\" height=\"700\" srcset=\"http:\/\/babyloniere.fr\/wp-content\/uploads\/2018\/01\/Scarif-Therese-D-700.jpg 467w, http:\/\/babyloniere.fr\/wp-content\/uploads\/2018\/01\/Scarif-Therese-D-700-200x300.jpg 200w\" sizes=\"(max-width: 467px) 100vw, 467px\" \/><\/p>\n<h4><\/h4>\n<figure id=\"attachment_314\" aria-describedby=\"caption-attachment-314\" style=\"width: 700px\" class=\"wp-caption aligncenter\"><img decoding=\"async\" loading=\"lazy\" class=\"wp-image-314 size-full\" src=\"http:\/\/babyloniere.fr\/wp-content\/uploads\/2018\/01\/Scarif-Theres-A-700.jpg\" alt=\"\" width=\"700\" height=\"467\" srcset=\"http:\/\/babyloniere.fr\/wp-content\/uploads\/2018\/01\/Scarif-Theres-A-700.jpg 700w, http:\/\/babyloniere.fr\/wp-content\/uploads\/2018\/01\/Scarif-Theres-A-700-300x200.jpg 300w\" sizes=\"(max-width: 700px) 100vw, 700px\" \/><figcaption id=\"caption-attachment-314\" class=\"wp-caption-text\">plusieurs incisions sont effectu\u00e9es sur la patiente avec une lame de rasoir<\/figcaption><\/figure>\n<h4><\/h4>\n<figure id=\"attachment_316\" aria-describedby=\"caption-attachment-316\" style=\"width: 467px\" class=\"wp-caption aligncenter\"><img decoding=\"async\" loading=\"lazy\" class=\"wp-image-316 size-full\" src=\"http:\/\/babyloniere.fr\/wp-content\/uploads\/2018\/01\/Scarif-Therese-C-700.jpg\" alt=\"\" width=\"467\" height=\"700\" srcset=\"http:\/\/babyloniere.fr\/wp-content\/uploads\/2018\/01\/Scarif-Therese-C-700.jpg 467w, http:\/\/babyloniere.fr\/wp-content\/uploads\/2018\/01\/Scarif-Therese-C-700-200x300.jpg 200w\" sizes=\"(max-width: 467px) 100vw, 467px\" \/><figcaption id=\"caption-attachment-316\" class=\"wp-caption-text\">le rem\u00e8de puis\u00e9 dans la marmite est appliqu\u00e9 sur les incisions pour p\u00e9n\u00e9trer dans le corps<\/figcaption><\/figure>\n<h4><\/h4>\n<figure id=\"attachment_313\" aria-describedby=\"caption-attachment-313\" style=\"width: 467px\" class=\"wp-caption aligncenter\"><img decoding=\"async\" loading=\"lazy\" class=\"wp-image-313 size-full\" src=\"http:\/\/babyloniere.fr\/wp-content\/uploads\/2018\/01\/Scarif-Bebe-700.jpg\" alt=\"\" width=\"467\" height=\"700\" srcset=\"http:\/\/babyloniere.fr\/wp-content\/uploads\/2018\/01\/Scarif-Bebe-700.jpg 467w, http:\/\/babyloniere.fr\/wp-content\/uploads\/2018\/01\/Scarif-Bebe-700-200x300.jpg 200w\" sizes=\"(max-width: 467px) 100vw, 467px\" \/><figcaption id=\"caption-attachment-313\" class=\"wp-caption-text\">le rem\u00e8de est \u00e9galement inocul\u00e9 aux enfants, et le reste du plat sera mang\u00e9 par la communaut\u00e9<\/figcaption><\/figure>\n<h4><\/h4>\n<h4 style=\"text-align: center;\">le \u00ab\u00a0manga\u00a0\u00bb est une autre m\u00e9thode de gu\u00e9rison traditionnelle.<\/h4>\n<h4 style=\"text-align: center;\">il implique la participation de toute la communaut\u00e9 du malade, qui chante et danse pendant une nuit enti\u00e8re en s&rsquo;accompagnant de percussions<\/h4>\n<figure id=\"attachment_179\" aria-describedby=\"caption-attachment-179\" style=\"width: 1050px\" class=\"wp-caption aligncenter\"><img decoding=\"async\" loading=\"lazy\" class=\"wp-image-179 size-full\" src=\"http:\/\/babyloniere.fr\/wp-content\/uploads\/2016\/07\/Bapea_Machouer_A-700.jpg\" alt=\"\" width=\"1050\" height=\"700\" srcset=\"http:\/\/babyloniere.fr\/wp-content\/uploads\/2016\/07\/Bapea_Machouer_A-700.jpg 1050w, http:\/\/babyloniere.fr\/wp-content\/uploads\/2016\/07\/Bapea_Machouer_A-700-300x200.jpg 300w, http:\/\/babyloniere.fr\/wp-content\/uploads\/2016\/07\/Bapea_Machouer_A-700-768x512.jpg 768w, http:\/\/babyloniere.fr\/wp-content\/uploads\/2016\/07\/Bapea_Machouer_A-700-1024x683.jpg 1024w, http:\/\/babyloniere.fr\/wp-content\/uploads\/2016\/07\/Bapea_Machouer_A-700-960x640.jpg 960w\" sizes=\"(max-width: 1050px) 100vw, 1050px\" \/><figcaption id=\"caption-attachment-179\" class=\"wp-caption-text\">les femmes battent le rythme en frappant une tige de bambou<\/figcaption><\/figure>\n<figure id=\"attachment_165\" aria-describedby=\"caption-attachment-165\" style=\"width: 525px\" class=\"wp-caption aligncenter\"><img decoding=\"async\" loading=\"lazy\" class=\"wp-image-165 size-full\" src=\"http:\/\/babyloniere.fr\/wp-content\/uploads\/2016\/07\/Bapea_Memel_Bissa-700.jpg\" alt=\"_Bapea_Memel_Bissa 700\" width=\"525\" height=\"700\" srcset=\"http:\/\/babyloniere.fr\/wp-content\/uploads\/2016\/07\/Bapea_Memel_Bissa-700.jpg 525w, http:\/\/babyloniere.fr\/wp-content\/uploads\/2016\/07\/Bapea_Memel_Bissa-700-225x300.jpg 225w\" sizes=\"(max-width: 525px) 100vw, 525px\" \/><figcaption id=\"caption-attachment-165\" class=\"wp-caption-text\">les femmes chantent tout en frappant le bambou<\/figcaption><\/figure>\n<figure id=\"attachment_248\" aria-describedby=\"caption-attachment-248\" style=\"width: 700px\" class=\"wp-caption alignnone\"><img decoding=\"async\" loading=\"lazy\" class=\"wp-image-248 size-full\" src=\"http:\/\/babyloniere.fr\/wp-content\/uploads\/2016\/08\/Tamtam_bapea_Mabaly_A-700.jpg\" alt=\"_Tamtam_bapea_Mabaly_A 700\" width=\"700\" height=\"700\" srcset=\"http:\/\/babyloniere.fr\/wp-content\/uploads\/2016\/08\/Tamtam_bapea_Mabaly_A-700.jpg 700w, http:\/\/babyloniere.fr\/wp-content\/uploads\/2016\/08\/Tamtam_bapea_Mabaly_A-700-150x150.jpg 150w, http:\/\/babyloniere.fr\/wp-content\/uploads\/2016\/08\/Tamtam_bapea_Mabaly_A-700-300x300.jpg 300w\" sizes=\"(max-width: 700px) 100vw, 700px\" \/><figcaption id=\"caption-attachment-248\" class=\"wp-caption-text\">les hommes jouent du tamtam<\/figcaption><\/figure>\n<figure id=\"attachment_169\" aria-describedby=\"caption-attachment-169\" style=\"width: 467px\" class=\"wp-caption aligncenter\"><img decoding=\"async\" loading=\"lazy\" class=\"wp-image-169 size-full\" src=\"http:\/\/babyloniere.fr\/wp-content\/uploads\/2016\/07\/Bapea_Memel_danseur_B-700.jpg\" alt=\"_Bapea_Memel_danseur_B 700\" width=\"467\" height=\"700\" srcset=\"http:\/\/babyloniere.fr\/wp-content\/uploads\/2016\/07\/Bapea_Memel_danseur_B-700.jpg 467w, http:\/\/babyloniere.fr\/wp-content\/uploads\/2016\/07\/Bapea_Memel_danseur_B-700-200x300.jpg 200w\" sizes=\"(max-width: 467px) 100vw, 467px\" \/><figcaption id=\"caption-attachment-169\" class=\"wp-caption-text\">un danseur masqu\u00e9 incarne un esprit de la for\u00eat appel\u00e9 par les chants du groupe<\/figcaption><\/figure>\n<figure id=\"attachment_190\" aria-describedby=\"caption-attachment-190\" style=\"width: 1050px\" class=\"wp-caption aligncenter\"><img decoding=\"async\" loading=\"lazy\" class=\"wp-image-190 size-full\" src=\"http:\/\/babyloniere.fr\/wp-content\/uploads\/2016\/07\/Manga-Valerie-700.jpg\" alt=\"\" width=\"1050\" height=\"700\" srcset=\"http:\/\/babyloniere.fr\/wp-content\/uploads\/2016\/07\/Manga-Valerie-700.jpg 1050w, http:\/\/babyloniere.fr\/wp-content\/uploads\/2016\/07\/Manga-Valerie-700-300x200.jpg 300w, http:\/\/babyloniere.fr\/wp-content\/uploads\/2016\/07\/Manga-Valerie-700-768x512.jpg 768w, http:\/\/babyloniere.fr\/wp-content\/uploads\/2016\/07\/Manga-Valerie-700-1024x683.jpg 1024w, http:\/\/babyloniere.fr\/wp-content\/uploads\/2016\/07\/Manga-Valerie-700-960x640.jpg 960w\" sizes=\"(max-width: 1050px) 100vw, 1050px\" \/><figcaption id=\"caption-attachment-190\" class=\"wp-caption-text\">le rem\u00e8de est mang\u00e9 au lever du jour, il ne doit pas \u00eatre touch\u00e9 avec les mains<\/figcaption><\/figure>\n<figure id=\"attachment_453\" aria-describedby=\"caption-attachment-453\" style=\"width: 1050px\" class=\"wp-caption aligncenter\"><img decoding=\"async\" loading=\"lazy\" class=\"wp-image-453 size-full\" src=\"http:\/\/babyloniere.fr\/wp-content\/uploads\/2018\/01\/Manga_groupe-B_700.jpg\" alt=\"\" width=\"1050\" height=\"700\" srcset=\"http:\/\/babyloniere.fr\/wp-content\/uploads\/2018\/01\/Manga_groupe-B_700.jpg 1050w, http:\/\/babyloniere.fr\/wp-content\/uploads\/2018\/01\/Manga_groupe-B_700-300x200.jpg 300w, http:\/\/babyloniere.fr\/wp-content\/uploads\/2018\/01\/Manga_groupe-B_700-768x512.jpg 768w, http:\/\/babyloniere.fr\/wp-content\/uploads\/2018\/01\/Manga_groupe-B_700-700x467.jpg 700w, http:\/\/babyloniere.fr\/wp-content\/uploads\/2018\/01\/Manga_groupe-B_700-405x270.jpg 405w\" sizes=\"(max-width: 1050px) 100vw, 1050px\" \/><figcaption id=\"caption-attachment-453\" class=\"wp-caption-text\">toute la famille du malade mange le rem\u00e8de<\/figcaption><\/figure>\n<figure id=\"attachment_191\" aria-describedby=\"caption-attachment-191\" style=\"width: 1050px\" class=\"wp-caption aligncenter\"><img decoding=\"async\" loading=\"lazy\" class=\"wp-image-191 size-full\" src=\"http:\/\/babyloniere.fr\/wp-content\/uploads\/2016\/07\/Manga_Valerie_ruban_rouge-700.jpg\" alt=\"\" width=\"1050\" height=\"700\" srcset=\"http:\/\/babyloniere.fr\/wp-content\/uploads\/2016\/07\/Manga_Valerie_ruban_rouge-700.jpg 1050w, http:\/\/babyloniere.fr\/wp-content\/uploads\/2016\/07\/Manga_Valerie_ruban_rouge-700-300x200.jpg 300w, http:\/\/babyloniere.fr\/wp-content\/uploads\/2016\/07\/Manga_Valerie_ruban_rouge-700-768x512.jpg 768w, http:\/\/babyloniere.fr\/wp-content\/uploads\/2016\/07\/Manga_Valerie_ruban_rouge-700-1024x683.jpg 1024w, http:\/\/babyloniere.fr\/wp-content\/uploads\/2016\/07\/Manga_Valerie_ruban_rouge-700-960x640.jpg 960w\" sizes=\"(max-width: 1050px) 100vw, 1050px\" \/><figcaption id=\"caption-attachment-191\" class=\"wp-caption-text\">une lani\u00e8re d&rsquo;un tissu port\u00e9 par le gu\u00e9risseur pendant la s\u00e9ance est nou\u00e9e au bras du malade pour prolonger le processus de gu\u00e9rison pendant les jours suivant<\/figcaption><\/figure>\n","protected":false},"excerpt":{"rendered":"<p>la scarification au moyen d&rsquo;une lame de rasoir est une m\u00e9thode de gu\u00e9rison tr\u00e8s utilis\u00e9e par les Bagy\u00e9li le \u00ab\u00a0manga\u00a0\u00bb est une autre m\u00e9thode de gu\u00e9rison traditionnelle. il implique la participation de toute la communaut\u00e9 du malade, qui chante et danse pendant une nuit enti\u00e8re en s&rsquo;accompagnant de percussions<\/p>\n","protected":false},"author":1,"featured_media":0,"parent":0,"menu_order":0,"comment_status":"closed","ping_status":"closed","template":"","meta":[],"_links":{"self":[{"href":"http:\/\/babyloniere.fr\/index.php\/wp-json\/wp\/v2\/pages\/131"}],"collection":[{"href":"http:\/\/babyloniere.fr\/index.php\/wp-json\/wp\/v2\/pages"}],"about":[{"href":"http:\/\/babyloniere.fr\/index.php\/wp-json\/wp\/v2\/types\/page"}],"author":[{"embeddable":true,"href":"http:\/\/babyloniere.fr\/index.php\/wp-json\/wp\/v2\/users\/1"}],"replies":[{"embeddable":true,"href":"http:\/\/babyloniere.fr\/index.php\/wp-json\/wp\/v2\/comments?post=131"}],"version-history":[{"count":40,"href":"http:\/\/babyloniere.fr\/index.php\/wp-json\/wp\/v2\/pages\/131\/revisions"}],"predecessor-version":[{"id":579,"href":"http:\/\/babyloniere.fr\/index.php\/wp-json\/wp\/v2\/pages\/131\/revisions\/579"}],"wp:attachment":[{"href":"http:\/\/babyloniere.fr\/index.php\/wp-json\/wp\/v2\/media?parent=131"}],"curies":[{"name":"wp","href":"https:\/\/api.w.org\/{rel}","templated":true}]}}